m**2 + 5*m + 2. Let c = 1 + -4. Let f be x(c). What is p(f)?
3
Let y(u) = -u + 8 + 0 + 21*u**3 - u**2 - 7. What is y(1)?
20
Let o(h) = h**3 - h**2 + h. Let m be (-1 - -2)*(1 - -2). Let q = 4 - m. What is o(q)?
1
Let p(n) = 5*n**2 - 4*n + 5. Let h(x) = 6*x**2 - 4*x + 6. Let j(k) = -4*h(k) + 5*p(k). Suppose -w = w + 10, w + 13 = 4*b. Calculate j(b).
-3
Let v(s) = -s - 3. Let b(h) = h**2 + 3*h - 5. Let u be b(-4). Let q = u - -2. Let g be q/(-2 + 7/3). What is v(g)?
-6
Let t(m) = -m**2 - 5*m - 4. Let v be t(-3). Let g = v + -1. Let k(j) = -3*j + 0*j + 6 - g. What is k(4)?
-7
Let j(h) = -h**3 - h**2 - h. Let t be 3/12 - 25/4. Let p be (-2)/t - (-5)/(-15). Calculate j(p).
0
Let i(h) = 2*h**2. Let j be i(-1). Suppose -2*z = 2*c - 5*c - 4, -2 = -z + c. Let r(a) = 3*a**z - a**3 + j - 1 + a - 2*a**2. What is r(2)?
-1
Let n = -47 + 55. Let y(i) be the first derivative of 4 + 1/3*i**3 + 1/2*i**2 - n*i - 1/4*i**4. Give y(0).
-8
Let v(t) = 2*t**2 - 4*t - 1. Let y be v(3). Let f(m) = m**2 - 5*m + 4. Determine f(y).
4
Let n(v) = -2*v - 5. Suppose -25 = -4*c - 45. Calculate n(c).
5
Let r(z) = -z**2 + 8*z - 2. Suppose 3*n - 18 + 0 = 0. What is r(n)?
10
Let y(f) = f - 4. Suppose 5*i = g + 7 + 5, 2*g - 2*i = 0. Determine y(g).
-1
Let p(n) = n**2 - 5*n - 4. Let h(q) = q**2 - 1. Let d be h(0). Let z = d - 3. Let t = 1 - z. Give p(t).
-4
Let q(o) = 4*o**2 + 7*o - 6 - 8*o**2 - 2 + 3*o**2. Calculate q(6).
-2
Let x(s) = -3*s**2 - 13*s + 2. Let a(g) = -g**2 - 7*g + 1. Let v(h) = 5*a(h) - 2*x(h). Determine v(4).
-19
Suppose 3*c - 34 = -4*z, -3*c - 22 = -6*c - z. Let j(p) = -p + 0 - 1 + c. Calculate j(5).
0
Let b(t) = t**2 + 3*t - 2. Let o(p) = p**3 - 12*p**2 + 9*p + 29. Let v be o(11). Let y be (-4)/(-6) + (-31)/(-3). Let n = v - y. Calculate b(n).
2
Let p(x) = -x - 2. Let f be p(-6). Suppose -5*q + 3*g = -0*g - 8, -5*g = -4*q + 9. Let h = q + f. Let o(t) = -t**3 + 5*t**2 - t + 6. Give o(h).
1
Let g(o) = 4*o + 1. Suppose 8*x - 6*x - 4 = 0. Suppose 4 = -2*b - 5*t + 2, 4 = -4*b + x*t. Give g(b).
-3
Let g be (-12)/(-18) - (-1)/3. Suppose j + 0*j = g. Let f(o) = -3*o**2 + j - 2*o**2 - 2*o + 5*o**2 + 4*o**2. Give f(1).
3
Let y(w) = w**2 - 2*w + 3. Suppose 0 = -5*t - 8 - 2. Let g be ((-3)/5)/(t/10). Determine y(g).
6
Let z be (-5)/(-2)*(-48)/40. Let u(h) = h**2 + 3*h - 1. What is u(z)?
-1
Let f(s) = 5 - 6 - 2*s**2 + 0*s**2 + s + 4*s**2. Let u(h) = -h**3 + 3*h**2 + 5*h - 2. Let x be u(4). Calculate f(x).
9
Let u(g) = -g**2 + 2*g - 12. Let z(f) = -2*f**2 + 3*f - 23. Let a(d) = 11*u(d) - 6*z(d). Calculate a(-4).
6
Let p be -2*1*(-3)/3. Let d(g) = -3*g**2 + 3*g - 1. Let h(k) = -k**2 + 1. Let s(l) = p*h(l) - d(l). What is s(2)?
1
Let y(s) = s - 13. Let t be y(9). Let g(f) = f + 4. What is g(t)?
0
Let h(b) = b**2 + 5*b + 5. Let o be 6 - (-6)/(-3) - 2. Suppose -5*p + 5*s + 5 = 0, -4*s - 1 = -o*p + 11. Give h(p).
1
Let s(l) = -11*l**2 + 2*l - 1. Let k be (-3)/(-12) - (-14)/8. Suppose k*i + 3 = 5*i, 5*a + 2*i - 27 = 0. Suppose 0 = -2*x, 3 + 2 = a*r + 4*x. Determine s(r).
-10
Suppose 0 = -3*b - 4 + 16. Suppose -5*z + 3*a = b*a + 1, 0 = -3*z - 2*a + 5. Let i(x) = 5*x**2 - x. Give i(z).
6
Let w(s) be the first derivative of -s**3/3 + 3*s**2/2 + 3*s - 7. Give w(5).
-7
Let d(c) = -4*c + 58. Let g be d(14). Let x(u) be the first derivative of 4 - 1/2*u**g + 0*u. Calculate x(4).
-4
Suppose 5*q - 7 = 3. Let c(x) = x - 2*x + q*x - 9. Let r = -5 - -10. Give c(r).
-4
Suppose 3*r + 3 = -3*z, -8 = -z - 0*r + 2*r. Let j(d) be the third derivative of d**5/60 - d**3/6 + 28*d**2. Determine j(z).
3
Let k(u) = u**3 + u + 1. Let t(q) be the third derivative of -q**6/120 + q**5/15 - q**4/4 - q**3/6 + 5*q**2. Let c(y) = -2*k(y) - t(y). Give c(-5).
4
Let n(c) = 2*c**2 + 8*c - 5. Let p be n(-5). Suppose h + k = 0, -p*h + 40 = -0*h - 5*k. Let g(t) = -t**3 + 5*t**2 - 6*t + 2. What is g(h)?
-6
Let y(g) be the second derivative of -g**3/6 - 5*g. Let m(j) = -j + 2. Suppose 2*x = -2*x + 8. Let f(k) = x*y(k) - m(k). Determine f(0).
-2
Let p(j) = 7*j**3 - j. Let q = 16 + -9. Let n = -6 + q. Determine p(n).
6
Let u(c) = -2*c + 4. Let s = -89 - -63. Let d be s/7 + (-2)/7. Let t = -1 - d. Give u(t).
-2
Let x(q) be the first derivative of -q**4/4 - 4*q**3/3 + 5*q**2/2 + 2*q + 30. Give x(-5).
2
Let j(t) = t**2 + 4*t + 1. Let m(g) = 5*g**2 + 19*g + 4. Let n(p) = -11*j(p) + 2*m(p). What is n(-7)?
-10
Let i(q) = q**3 - 5*q**2 + 1. Let w(t) = -t**3 - 20*t**2 - 19*t + 4. Let a be w(-19). Give i(a).
-15
Let n(k) be the first derivative of k**4/4 - 5*k**3/3 - 3*k**2 + 3. Let t be 3/((-1)/(8/6)). Let c(z) = -3*z - 6. Let y be c(t). Give n(y).
0
Let x be ((-10)/(-8))/((-2)/8). Let a(d) be the first derivative of -d**2 - 4*d - 7. What is a(x)?
6
Suppose 5*u - 16 = 14. Let q(c) be the first derivative of -c**4/4 + 7*c**3/3 - 2*c**2 - 7*c + 85. Give q(u).
5
Suppose 0*z - z = -3. Let f(r) = -r**3 - 3 + 0*r + 4*r**2 + 0*r**z - 2*r. Let w(i) = -i**3 + 4*i**2 - 3*i + 3. Let j be w(3). Give f(j).
0
Suppose 3*u = -3*t, 3*t - t - 10 = -4*u. Let i be 3/(-5) - 88/t. Let m(a) = -16*a - 3*a**2 + i*a - 2*a**2. Give m(-1).
-6
Let s be (1*(2 - 6))/(-2). Let l be ((-3)/(-3) + 9)/s. Let f(m) = m**2 - 8*m. What is f(l)?
-15
Let m(x) be the second derivative of -x**3/3 - x**2 + 4*x. Let k be m(2). Let i(d) = d**2 + 4*d - 7. Calculate i(k).
5
Let s(v) = -11*v**3 + 1. Let t be 8/(-6)*(-6)/(-4). Let g be (-3)/t + (-3)/(-6). Suppose 2*p + 3*h = -g*p + 16, -3*h + 12 = 0. Calculate s(p).
-10
Let y(b) = 8*b + 4. Let i(u) = -23*u - 11. Let a(n) = -n**3 - 8*n**2 + 7*n - 12. Let m be a(-9). Let w(v) = m*i(v) + 17*y(v). Calculate w(3).
-4
Let r(k) = -13*k + 7. Let i(w) = 5*w - 2. Let c(h) = -8*i(h) - 3*r(h). Determine c(-5).
0
Let c(d) = -d**2 + d + 1. Let i(v) = -v**3 + 3*v**2 + v + 1. Let k(f) = -3*c(f) + i(f). What is k(2)?
10
Let p be (-22)/18 + (-20)/(-90). Let l(a) be the third derivative of -a**6/24 - a**5/60 + a**3/6 + 4*a**2. What is l(p)?
5
Suppose -5*t - 11 - 4 = 0. Let l(f) = -7*f - 1. Let h(v) = -17*v - 2. Let z(m) = -2*h(m) + 5*l(m). What is z(t)?
2
Let j(g) be the second derivative of 0 - 1/2*g**2 + 3*g + 1/3*g**3. Determine j(2).
3
Let p(o) = -o + 2493 - 2498 + 5*o. Calculate p(-4).
-21
Let v be (-18)/(-8) - 3/12. Let k be v/(-1 - (-5)/3). Let z(m) = 6*m + k - 4*m + m**2 - 2*m**2. Determine z(-2).
-5
Suppose 0 = -l - 6 - 5. Let w(k) = -2*k**2 + k**2 - 11 + 0*k**2 - 12*k. Let m be w(l). Let r(f) = -f**3 - f**2 + f - 2. Calculate r(m).
-2
Suppose -3*c + y = -52, -5*y = -c + 9 + 27. Suppose c = -5*l - 4. Let w(x) = 2*x + 1. Give w(l).
-7
Let s(x) = x**2 - 3*x - x + 0*x**2 + 33 - 30. Let n(o) = o. Let h be n(-5). Let l be (-16)/(-10) + (-2)/h. Determine s(l).
-1
Let v(x) = -x**3 - 3*x**2 + 4*x + 2. Let u be v(-4). Suppose -3 = -y + u. Let p(q) = -4*q**2 - q**2 + 4*q**2 + 6*q + 2. Determine p(y).
7
Let j(u) be the first derivative of 3*u**2/2 - 10*u - 8. Give j(7).
11
Let d(a) = 5*a**3 - 11*a**2 - 6*a - 9. Let s(p) = p**3 - p**2 - 1. Let n(i) = d(i) - 6*s(i). Let x = -1 + 0. Let j = -5 - x. Give n(j).
5
Let w(o) = o + 4. Suppose -4*a - 3*h - 38 = -0*a, -4*h - 24 = 2*a. Let k = a - -11. Suppose 5*p = -z - z + 21, k*z + 3*p = 18. Give w(z).
7
Let l(f) = f**3 - 3*f - 2. Let x(r) = r**3 - 5*r**2 + 5*r. Let d be x(4). Suppose -8 = d*h - 5*s, -10 = 3*h + 2*h + 4*s. Determine l(h).
-4
Suppose 0*b = -2*b - 5*v - 22, -3*b - 19 = 4*v. Let h be 2/(1 + b - 1). Let m(t) = -20*t**2 + 2 + 48*t**2 + 2*t - 27*t**2. Give m(h).
2
Let f be 2/7 + 9/(-7). Let x(p) = p**2 - p + 2. Let h(q) = -5*q**2 + 3*q - 9. Let i(w) = -h(w) - 4*x(w). Determine i(f).
1
Let g(m) be the third derivative of 7/6*m**3 + 0*m**5 + 0*m - 1/24*m**4 + 8*m**2 + 1/120*m**6 + 0. Give g(0).
7
Let v = 24 - 21. Let h(g) = g**2 - 6*g. Calculate h(v).
-9
Let o(g) = -2*g + 6. Let s(w) = -w + 4. Let a(u) = -5*o(u) + 8*s(u). Determine a(-4).
-6
Let x(o) be the third derivative of o**5/60 + 5*o**4/24 - o**3/3 - 6*o**2. What is x(-5)?
-2
Let w(p) = -2*p - 2. Let v be w(-3). Let t(n) = 2*n**3 - n**2 + 5*n + 4. Let b(j) = -j**3 + j**2 - 1. Let h(u) = -3*b(u) - t(u). Determine h(v).
11
Let p(a) = a**3 + 13*a**2. Let x be p(-13). Let b(s) = 4 + x - 2 - 3 + s. What is b(4)?
3
Let p be (2 + -1 + -5)*-2. Suppose -5*f - 40 = -5*u, -f + p = -3*u - 6*f. Let i(h) = -u*h + 7*h**2 + 3*h - 5*h**2 + 3*h**2. What is i(1)